ts digit of 117848?
8
What is the ten thousands digit of 425820?
2
What is the hundreds digit of 1288879?
8
What is the hundred thousands digit of 2658834?
6
What is the millions digit of 2007585?
2
What is the ten thousands digit of 449081?
4
What is the millions digit of 2619658?
2
What is the millions digit of 4905965?
4
What is the hundred thousands digit of 218263?
2
What is the units digit of 47787?
7
What is the thousands digit of 582880?
2
What is the hundred thousands digit of 1435817?
4
What is the thousands digit of 334103?
4
What is the tens digit of 194681?
8
What is the thousands digit of 1073842?
3
What is the hundred thousands digit of 159633?
1
What is the ten thousands digit of 936463?
3
What is the units digit of 4155328?
8
What is the units digit of 1824011?
1
What is the tens digit of 4543926?
2
What is the hundreds digit of 2912328?
3
What is the hundred thousands digit of 2279360?
2
What is the tens digit of 65134?
3
What is the ten thousands digit of 590249?
9
What is the hundred thousands digit of 326191?
3
What is the millions digit of 5745280?
5
What is the units digit of 125962?
2
What is the units digit of 251080?
0
What is the thousands digit of 91379?
1
What is the units digit of 16691388?
8
What is the ten thousands digit of 10704452?
0
What is the thousands digit of 8897437?
7
What is the ten thousands digit of 248129?
4
What is the hundreds digit of 5114641?
6
What is the thousands digit of 797889?
7
What is the ten thousands digit of 164511?
6
What is the thousands digit of 8766604?
6
What is the ten thousands digit of 3238997?
3
What is the ten thousands digit of 585611?
8
What is the thousands digit of 711725?
1
What is the hundred thousands digit of 13423324?
4
What is the tens digit of 36121744?
4
What is the ten thousands digit of 1240121?
4
What is the thousands digit of 6750367?
0
What is the tens digit of 3489078?
7
What is the hundred thousands digit of 899509?
8
What is the units digit of 4781019?
9
What is the units digit of 1723826?
6
What is the millions digit of 22476846?
2
What is the units digit of 1191889?
9
What is the hundreds digit of 4526335?
3
What is the hundreds digit of 100477?
4
What is the ten thousands digit of 6852521?
5
What is the tens digit of 2004569?
6
What is the hundreds digit of 25689?
6
What is the units digit of 772800?
0
What is the ten thousands digit of 693945?
9
What is the thousands digit of 14059578?
9
What is the thousands digit of 1246459?
6
What is the tens digit of 216949?
4
What is the tens digit of 2219843?
4
What is the thousands digit of 214928?
4
What is the tens digit of 227143?
4
What is the hundred thousands digit of 994325?
9
What is the hundred thousands digit of 125398?
1
What is the ten thousands digit of 5341175?
4
What is the ten thousands digit of 1493651?
9
What is the units digit of 1824488?
8
What is the tens digit of 25914028?
2
What is the thousands digit of 208291?
8
What is the units digit of 3646149?
9
What is the thousands digit of 233759?
3
What is the tens digit of 764999?
9
What is the hundreds digit of 180568?
5
What is the thousands digit of 460740?
0
What is the ten thousands digit of 436767?
3
What is the tens digit of 13194?
9
What is the hundred thousands digit of 2267400?
2
What is the millions digit of 7128878?
7
What is the tens digit of 319962?
6
What is the units digit of 4298084?
4
What is the ten thousands digit of 380511?
8
What is the hundreds digit of 3979719?
7
What is the tens digit of 3051423?
2
What is the units digit of 3710?
0
What is the units digit of 6459451?
1
What is the units digit of 7872958?
8
What is the units digit of 1246728?
8
What is the tens digit of 25446?
4
What is the hundred thousands digit of 498608?
4
What is the hundreds digit of 2830411?
4
What is the thousands digit of 124377?
4
What is the hundreds digit of 658823?
8
What is the ten millions digit of 25299028?
2
What is the ten millions digit of 10029563?
1
What is the millions digit of 18483486?
8
What is the tens digit of 8618622?
2
What is the thousands digit of 254652?
4
What is the thousands digit of 909405?
9
What is the hundreds digit of 1439787?
7
What is the thousands digit of 471118?
1
What is the hundred thousands digit of 2746098?
7
What is the thousands digit of 712753?
2
What is the thousands digit of 92171?
2
What is the millions digit of 21167378?
1
What is the ten thousands digit of 13445216?
4
What is the units digit of 755558?
8
What is the millions digit of 11796313?
1
What is the units digit of 693004?
4
What is the hundred thousands digit of 181430?
1
What is the tens digit of 3024397?
9
What is the hundreds digit of 750736?
7
What is the ten thousands digit of 582039?
8
What is the thousands digit of 11897246?
7
What is the units digit of 9357986?
6
What is the units digit of 5975698?
8
What is the thousands digit of 9202298?
2
What is the hundreds digit of 8508544?
5
What is the hundred thousands digit of 1622446?
6
What is the hundred thousands digit of 167016?
1
What is the tens digit of 193212?
1
What is the units digit of 7775549?
9
What is the thousands digit of 5291464?
1
What is the hundred thousands digit of 294001?
2
What is the ten thousands digit of 672899?
7
What is the hundred thousands digit of 2203079?
2
What is the ten thousands digit of 131409?
3
What is the thousands digit of 370865?
0
What is the units digit of 3356248?
8
What is the thousands digit of 4669183?
9
What is the hundred thousands digit of 197797?
1
What is the ten thousands digit of 7815518?
1
What is the ten thousands digit of 154284?
5
What is the units digit of 69256?
6
What is the hundreds digit of 5082392?
3
What is the hundreds digit of 7302637?
6
What is the hundred thousands digit of 1460583?
4
What is the thousands digit of 34677389?
7
What is the thousands digit of 2109360?
9
What is the hundreds digit of 1187253?
2
What is the hundred thousands digit of 14901614?
9
What is the ten millions digit of 16694807?
1
What is the units digit of 24349296?
6
What is the millions digit of 4629559?
4
What is the ten thousands digit of 1537960?
3
What is the hundreds digit of 158666?
6
What is the ten thousands digit of 20107048?
0
What is the tens digit of 1314679?
7
What is the ten thousands digit of 5401549?
0
What is the ten thousands digit of 2017076?
1
What is the tens digit of 2558031?
3
What is the hundreds digit of 73273?
2
What is the hundred thousands digit of 2108845?
1
What is the tens digit of 610416?
1
What is the tens digit of 10321910?
1
What is the ten thousands digit of 258729?
5
What is the ten thousands digit of 605639?
0
What is the ten millions digit of 30014740?
3
What is the ten thousands digit of 2218086?
1
What is the millions digit of 29814249?
9
What is the hundred thousands digit of 8652018?
6
What is the hundreds digit of 1131152?
1
What is the thousands digit of 198087?
8
What is the units digit of 3417052?
2
What is the units digit of 676756?
6
What is the ten thousands digit of 236347?
3
What is the units digit of 3794779?
9
What is the thousands digit of 131957?
1
What is the ten thousands digit of 8049339?
4
What is the units digit of 567824?
4
What is the ten thousands digit of 99274?
9
What is the units digit of 14595492?
2
What is the hundreds digit of 105413?
4
What is the units digit of 295263?
3
What is the thousands digit of 380955?
0
What is the thousands digit of 2897337?
7
What is the millions digit of 9562680?
9
What is the thousands digit of 1664729?
4
What is the units digit of 798630?
0
What is the hundreds digit of 6202727?
7
What is the ten thousands digit of 6677081?
7
What is the units digit of 661663?
3
What is the thousands digit of 866944?
6
What is the thousands digit of 5791788?
1
What is the thousands digit of 500160?
0
What is the thousands digit of 127066?
7
What is the tens digit of 1541?
4
What is the units digit of 85798?
8
What is the thousands digit of 49459?
9
What is the ten thousands digit of 259364?
5
What is the hundreds digit of 5895280?
2
What is the hundred thousands digit of 9422307?
4
What is the hundred thousands digit of 2452964?
4
What is the hundred thousands digit of 6040415?
0
What is the units digit of 196453?
3
What is the tens digit of 2297625?
2
